6).
27
Let w(n) = n**2 - 2*n + 1. Give w(-1).
4
Let z(s) = s**2 - 11*s + 32. Determine z(7).
4
Let o(x) = 12*x + 31. What is o(-7)?
-53
Let p(v) = -v**2 - 9*v + 13. Calculate p(-9).
13
Let k(b) = -4*b**2 - 10*b + 6. Determine k(1).
-8
Let g(o) = -o**3 + 10*o**2 - 16*o + 17. What is g(7)?
52
Let x(j) = -164*j**2 - 2*j + 1. Determine x(1).
-165
Let s(i) = 21*i - 2. Determine s(1).
19
Let k(a) = -4*a**2 + 5*a + 4. Determine k(3).
-17
Let k(o) = -2*o**2 + 5*o + 2. What is k(2)?
4
Let l(c) = c - 1. Give l(-3).
-4
Let h(d) = d**3 + 2*d**2 + 3*d + 1. Calculate h(-3).
-17
Let o(d) = 4*d**2 + 97*d - 87. Calculate o(-25).
-12
Let k(q) = -4*q**3 + 2*q**2 + 2. Give k(2).
-22
Let i(w) = 5*w - 3. What is i(9)?
42
Let b(i) = -i**3 + 20*i**2 - 96*i + 8. Determine b(12).
8
Let d(w) = -6*w - 13. Determine d(3).
-31
Let t(k) = k**3 + 9*k**2 - 12*k - 21. Give t(-10).
-1
Let u(x) = -x**3 - 8*x**2 + x + 11. Calculate u(-8).
3
Let y(t) = -t**2 - 17*t - 31. Calculate y(-16).
-15
Let s(m) = -m**2 - 11*m - 27. Give s(-6).
3
Let u(q) = q**2 + 2*q - 9. Give u(4).
15
Let g(m) = 4*m - 9. Determine g(6).
15
Let y(m) = m**3 + 19*m**2 + 18*m + 4. Give y(-18).
4
Let o(b) = -4*b**2 - 4*b - 2. Give o(-2).
-10
Let x(w) = w**3 - 3*w**2 - 5*w + 16. Determine x(3).
1
Let g(j) = -j**3 + j**2 + 5*j - 2. Calculate g(3).
-5
Let l(u) = -u**2 - 9*u - 17. What is l(-8)?
-9
Let x(i) = -i**2 - 31*i - 70. What is x(-29)?
-12
Let w(n) = -n**3 - 7*n**2 - 5*n - 4. Calculate w(-5).
-29
Let q(y) = 2*y - 68. Determine q(20).
-28
Let f(b) = 5*b - 27. Calculate f(7).
8
Let r(m) = m**3 - 3*m**2 - m - 7. What is r(4)?
5
Let g(t) = -t**2 - 17*t + 241. Determine g(-26).
7
Let c(m) = -m**2 - 13*m + 25. Calculate c(-15).
-5
Let h(l) = l + 4. Determine h(-3).
1
Let l(j) = 4*j + 18. Give l(-8).
-14
Let q(i) = -i**3 + 9*i**2 - 11*i - 1. What is q(8)?
-25
Let q(i) = -i**3 + 6*i**2 - 9*i + 8. Calculate q(4).
4
Let a(z) = z**3 - 4*z**2 - 4*z - 6. What is a(5)?
-1
Let j(p) = -p**2 + 10*p - 10. Determine j(15).
-85
Let f(w) = w + 5. What is f(-9)?
-4
Let g(s) = -s + 1. Determine g(13).
-12
Let i(w) = 2*w**2 - 6*w. Determine i(4).
8
Let y(z) = z**3 - 6*z**2 + 60*z - 366. What is y(6)?
-6
Let u(x) = -16*x + 31. Calculate u(4).
-33
Let r(v) = 9*v**3 - v**2 + 2*v - 1. Calculate r(1).
9
Let c(h) = -h**2 - 5*h + 17. Give c(-8).
-7
Let u(d) = d**3 + 2*d**2 - 84*d - 31. Give u(-10).
9
Let s(b) = -3*b - 99. Give s(-36).
9
Let c(u) = -u**2 - 17*u + 3. Determine c(-17).
3
Let l(s) = -s**2 - 16*s - 53. Give l(-7).
10
Let s(z) = 3*z + 5. What is s(-5)?
-10
Let v(x) = 11*x - 365. Give v(34).
9
Let s(j) = -3*j + 7. Determine s(2).
1
Let j(d) = -6*d**2 + 63*d + 39. Determine j(11).
6
Let y(i) = 14*i**2 - 99*i + 6. Give y(7).
-1
Let t(b) = -b**3 - 6*b**2 + 3*b - 2. Calculate t(-7).
26
Let u(n) = n**2 + 3*n - 20. Give u(0).
-20
Let i(q) = -2*q**2 + 2*q. What is i(0)?
0
Let r(x) = 2*x**3 - 20*x**2 - 26*x + 48. Calculate r(11).
4
Let b(y) = -y**2 - 5*y + 6. Give b(-9).
-30
Let g(n) = -n - 16. What is g(-21)?
5
Let m(j) = -j**3 - 12*j**2 - 36*j. Give m(-6).
0
Let i(s) = -s**2 - 12*s - 27. What is i(-4)?
5
Let y(h) = 8*h - 52. Calculate y(7).
4
Let h(d) = d**3 - 7*d**2 + d - 13. Determine h(7).
-6
Let f(q) = -q**2 - 8*q - 28. Give f(-5).
-13
Let j(k) = -2*k**3 + 2*k**2 + k + 2. Determine j(3).
-31
Let z(a) = a**3 + 8*a**2 + 14*a - 1. What is z(-5)?
4
Let w(p) = -p**3 + 6*p**2 - 8*p + 3. What is w(5)?
-12
Let c(g) = 4*g - 16. Determine c(8).
16
Let j(r) = -r + 32. Give j(19).
13
Let o(u) = 2*u**3 + 5*u**2 + 8*u + 22. What is o(-4)?
-58
Let j(i) = i**3 - 7*i**2 + 6*i + 17. Give j(6).
17
Let q(w) = 3*w**2 - 19*w - 17. What is q(7)?
-3
Let y(x) = x - 19. Give y(-6).
-25
Let n(c) = -2*c**2 - 17*c - 17. Calculate n(-7).
4
Let l(f) = f**2 - 9*f - 28. Calculate l(11).
-6
Let x(s) = 8*s - 40. Determine x(10).
40
Let u(g) = -5*g + 104. Calculate u(22).
-6
Let m(q) = -13*q + 130. What is m(10)?
0
Let v(z) = z + 8. What is v(5)?
13
Let b(s) = 12*s - 65. What is b(6)?
7
Let t(h) = h - 5. Determine t(6).
1
Let q(f) = -f**3 - 12*f**2 - 9*f + 10. Determine q(-11).
-12
Let t(r) = r**3 - 8*r**2 + 25*r - 120. Give t(7).
6
Let o(g) = -g**2 + 10*g + 22. Give o(12).
-2
Let h(v) = -2*v**2 - 8*v - 3. What is h(-6)?
-27
Let y(f) = f**2 - 13*f + 29. Calculate y(8).
-11
Let g(p) = 10*p**3 + p**2 + 3*p + 2. What is g(-1)?
-10
Let h(y) = -y**2 - 10*y - 12. Calculate h(-9).
-3
Let o(l) = -2*l + 69. Determine o(21).
27
Let l(j) = -j**2 - 31*j - 32. Calculate l(-30).
-2
Let y(b) = -6*b + 3. Give y(1).
-3
Let w(d) = -d**2 - 4*d + 17. Determine w(-7).
-4
Let q(j) = 5*j - 1. Determine q(2).
9
Let b(t) = -t**3 - 5*t**2 + 4*t + 7. Calculate b(-5).
-13
Let u(d) = -d. Calculate u(-10).
10
Let k(l) = 3*l - 3. Determine k(13).
36
Let h(c) = -2*c + 25. What is h(17)?
-9
Let p(a) = a**2 - 5*a + 6. Calculate p(5).
6
Let t(q) = -2*q**3 - 2*q**2 + 2*q - 4. Give t(-3).
26
Let f(q) = -3*q + 2. Give f(-5).
17
Let v(q) = -q**2 - 16*q + 45. What is v(-18)?
9
Let l(o) = 57*o**3 + o**2 - 3*o + 2. What is l(1)?
57
Let s(j) = -j**3 - j - 51. What is s(0)?
-51
Let s(h) = -h**3 + 10*h**2 + h - 21. What is s(10)?
-11
Let f(j) = j**2 + 16*j. Calculate f(-17).
17
Let u(n) = 4*n + 11. Determine u(5).
31
Let g(u) = u**3 - 7*u**2 - 8*u + 1. Determine g(8).
1
Let a(p) = 3*p - 52. Determine a(20).
8
Let h(c) = -c**3 + 9*c**2 - 7*c - 13. Give h(8).
-5
Let d(x) = 32*x. Determine d(-1).
-32
Let h(o) = -5*o**3 - o**2 + o - 20. What is h(0)?
-20
Let f(p) = p**3 - 5*p**2 + 10*p - 4. What is f(3)?
8
Let r(m) = -5*m + 164. What is r(34)?
-6
Let x(w) = -w**2 - 26*w - 63. Calculate x(-24).
-15
Let o(k) = 2*k - 28. What is o(19)?
10
Let z(a) = 26*a + 337. Give z(-13).
-1
Let y(v) = 2*v**2 - 13*v + 20. What is y(6)?
14
Let d(g) = g**3 + 4*g**2 - 12*g - 29. Give d(-5).
6
Let o(s) = -s**2 + 12*s + 114. Give o(18).
6
Let l(a) = -2*a**2 - a + 2. Calculate l(1).
-1
Let b(n) = n**3 + 2*n**2. What is b(2)?
16
Let v(f) = 52*f**3 + f + 1. What is v(-1)?
-52
Let p(z) = -z**2 - 40*z - 145. Calculate p(-36).
-1
Let u(p) = 6*p + 2. What is u(2)?
14
Let q(v) = v**3 + 6*v**2 - 2*v - 8. Determine q(-6).
4
Let i(z) = -2*z**2 + 11*z. Give i(5).
5
Let q(a) = -5*a - 51. Give q(-14).
19
Let h(q) = 7*q - 1. Give h(-3).
-22
Let o(c) = -c**2 - 20*c - 49. Give o(-17).
2
Let x(k) = -2*k - 19. Calculate x(-8).
-3
Let d(n) = 8*n**2 - 4. Calculate d(-2).
28
Let d(f) = 4*f**3 - 2*f**2 + 7*f - 4. Determine d(1).
5
Let g(f) = f**3 - 9*f**2 - 20*f - 5. Give g(11).
17
Let l(j) = 2*j**3 - 4*j**2 + 5*j - 13. Give l(3).
20
Let z(l) = -6*l - 25. Determine z(9).
-79
Let l(f) = -f**2 + 77*f + 238. What is l(80)?
-2
Let b(h) = -h**2 + 13*h + 42. Give b(16).
-6
Let l(d) = -d**2 + 2*d - 5. What is l(5)?
-20
Let i(x) = -x**2 + 6*x + 7. Determine i(7).
0
Let q(k) = 8*k + 14. What is q(-1)?
6
Let y(o) = 4*o**2 - 42*o + 23. Determine y(10).
3
Let u(o) = -o**2 + 4*o + 59. Give u(12).
-37
Let f(x) = 2*x + 13. What is f(-11)?
-9
Let m(n) = -n**2 + 41*n + 126. Determine m(44).
-6
Let h(o) = -3*o + 10. Determine h(2).
4
Let m(t) = -t**2 - 12*t - 23. What is m(-4)?
9
Let j(f) = -f**2 - 16*f - 53. Give j(-11).
2
Let w(d) = d**3 - 12*d**2 + 10*d + 9. What is w(8)?
-167
Let a(u) = -601*u + 607. Determine a(1).
6
Let u(z) = 7*z + 210. Give u(-29).
7
Let l(h) = -h**3 + 4*h**2 + 4*h + 2. Calculate l(5).
-3
Let n(w) = 3*w**2 + 5*w - 8. What is n(5)?
92
Let w(a) = -4*a**2 + 25*a. Determine w(6).
6
Let l(s) = 2*s**3 + 2*s**2 + 2*s + 2. Give l(-2).
-10
Let b(q) = -q**3 - 10*q**2 - 14*q - 104. Determine b(-10).
36
Let n(d) = -12*d - 16. Calculate n(-8).
80
Let u(d) = -2*d**2 + 7*d + 158. Calculate u(11).
-7
Let f(w) = 5*w - 25. What is f(6)?
5
Let z(g) = -12*g + 73. Determine z(7).
-11
Let g(j) = -2*j**2 + 26*j - 3. Determine g(13).
-3
Let x(k) = -k**3 + 14*k**2 - 22*k - 29. What is x(12)?
-5
Let h(o) = o + 24. Calculate h(0).
24
Let z(f) = 2*f**2 + 16*f - 6. Give z(-9).
12
Let f(l) = l**3 - 12*l**2 - 32*l + 29. What is f(14)?
-27
Let p(n) = -n**3 + 6*n**2 - 2*n - 3. Determine p(6).
-15
Let g(u) = u**2 + 2*u + 4. What is g(-5)?
19
Let k(c) = 3*c - 12. Calculate k(6).
6
Let o(g) = g**3 - 5*g**2 + 7*g - 8. What is o(4)?
4
Let y(g) = 2*g**3 - g**2 - 3. Give y(2).
9
Let t(n) = n**2 - 8*n. Calculate t(7).
-7
Let k(v) = 2*v**2 - 13*v - 3. Calculate k(6).
-9
Let z(f) = -f**2 